rue
Is 12185883247 a composite number?
False
Is 7392038053 a composite number?
False
Is 246460223 composite?
True
Is 144747302897 composite?
True
Is 20612122559 composite?
True
Is 2195705957 prime?
True
Is 43903261219 a prime number?
False
Is 43499308969 a composite number?
True
Is 801059197 a prime number?
True
Is 2613637423 a composite number?
False
Is 6835654589 composite?
False
Is 1776223382 composite?
True
Is 119593899973 a composite number?
True
Is 2394826603 composite?
True
Is 9920184629 prime?
False
Is 58808299849 a composite number?
True
Is 82695400337 a prime number?
False
Is 1124824391 a prime number?
False
Is 1429831471 prime?
True
Is 369948697 composite?
False
Is 2986014731 a composite number?
True
Is 373347889 a composite number?
True
Is 23252675483 a prime number?
False
Is 1449759923 a prime number?
True
Is 1991936057 a composite number?
False
Is 2677446991 composite?
True
Is 337080431 a composite number?
True
Is 2643124123 a prime number?
False
Is 4687910309 a prime number?
False
Is 389236621 a composite number?
False
Is 94702567567 a prime number?
False
Is 74970649 prime?
False
Is 7443147557 a prime number?
True
Is 1345696117 composite?
False
Is 1660729893 a composite number?
True
Is 575521729 prime?
True
Is 89327560557 composite?
True
Is 58562557199 prime?
False
Is 59023358027 composite?
False
Is 184723397 composite?
False
Is 1042503491 a prime number?
False
Is 8648502091 a composite number?
False
Is 3615269459 a prime number?
False
Is 568861003 a composite number?
False
Is 391080533 composite?
False
Is 76863935671 prime?
False
Is 19010319173 a composite number?
True
Is 447321263 a prime number?
True
Is 51033584689 composite?
False
Is 1901563319 a composite number?
False
Is 13441230617 prime?
True
Is 24828463733 a prime number?
True
Is 225372990385 prime?
False
Is 37927927979 composite?
True
Is 6536741149 a prime number?
True
Is 13634471527 a composite number?
False
Is 865927397 composite?
False
Is 5128583387 composite?
True
Is 5494888453 composite?
True
Is 317104423 a composite number?
False
Is 4297833313 a prime number?
True
Is 1480452047 a prime number?
True
Is 1223312089 a composite number?
False
Is 229365561413 composite?
False
Is 833995423 prime?
True
Is 9433490951 composite?
False
Is 44641144811 prime?
False
Is 39018831209 a prime number?
True
Is 23006195 a prime number?
False
Is 23184108023 composite?
True
Is 806932499 a prime number?
False
Is 1641854119 composite?
False
Is 585423053 a composite number?
False
Is 10549458173 prime?
True
Is 127350557 prime?
False
Is 119525643091 prime?
False
Is 1530559837 a composite number?
False
Is 16676041559 a composite number?
False
Is 4605485873 a prime number?
False
Is 1432219919 composite?
True
Is 1601850247 prime?
True
Is 3874575259 a prime number?
True
Is 84483638347 prime?
True
Is 78814024837 a prime number?
True
Is 18014296699 prime?
False
Is 58244155349 composite?
False
Is 965826623 a prime number?
True
Is 13106468273 a prime number?
True
Is 156022099 a prime number?
False
Is 3266788489 prime?
True
Is 3775643359 a composite number?
False
Is 28245515594 a prime number?
False
Is 41453882653 a prime number?
True
Is 2431384573 a composite number?
False
Is 9183511761 a prime number?
False
Is 19520314769 a composite number?
False
Is 60361805561 prime?
False
Is 139732771 a prime number?
True
Is 381437701 prime?
True
Is 5826478729 composite?
True
Is 5017590443 composite?
True
Is 493351213 a prime number?
False
Is 4729684639 a composite number?
True
Is 44537619811 a prime number?
False
Is 236906804317 a composite number?
False
Is 1230032395 prime?
False
Is 35151269 prime?
True
Is 903964931 prime?
True
Is 479024023 a composite number?
False
Is 396620909 prime?
True
Is 13009118459 prime?
True
Is 5783774063 a composite number?
False
Is 179552121527 a prime number?
True
Is 62006765017 a composite number?
False
Is 16965140411 a composite number?
True
Is 583171517 composite?
True
Is 6156496991 prime?
True
Is 89062637717 a prime number?
True
Is 39161194273 a prime number?
False
Is 130645197139 prime?
False
Is 57788252999 prime?
True
Is 1752270137 composite?
False
Is 122464309 a composite number?
True
Is 26010422149 composite?
True
Is 17490191585 a prime number?
False
Is 12097069597 prime?
True
Is 197876389 prime?
True
Is 27732110641 a composite number?
False
Is 992487937 composite?
True
Is 652045357 a prime number?
True
Is 58524276427 prime?
True
Is 1502991881 a composite number?
False
Is 3839751121 a prime number?
False
Is 34054285711 composite?
True
Is 2514190399 a composite number?
True
Is 240056935115 a prime number?
False
Is 6693967913 prime?
False
Is 76607299 a prime number?
False
Is 3414511861 a prime number?
True
Is 130022183 a prime number?
True
Is 4747438777 prime?
True
Is 311597789 prime?
True
Is 239469225577 a prime number?
True
Is 4803040103 composite?
False
Is 1791966353 a composite number?
False
Is 103659919111 composite?
True
Is 24112715219 a prime number?
True
Is 7898027583 a prime number?
False
Is 2393970673 prime?
True
Is 1898028571 prime?
True
Is 67648313309 composite?
False
Is 8144574749 composite?
False
Is 5893630991 prime?
True
Is 23921762489 a composite number?
True
Is 1385205689 a composite number?
True
Is 6027113919 composite?
True
Is 12668143889 prime?
True
Is 4500721 a composite number?
False
Is 5331629201 a prime number?
True
Is 9539279999 prime?
False
Is 662344951 a prime number?
False
Is 33219698551 a prime number?
False
Is 327293177 prime?
False
Is 1098790841 a prime number?
True
Is 128102884051 prime?
False
Is 3531157297 prime?
True
Is 20510796401 a composite number?
False
Is 40236141931 prime?
True
Is 1651441817 prime?
True
Is 8686871 a composite number?
True
Is 53621631589 a prime number?
False
Is 1625507861 prime?
False
Is 8636435537 composite?
True
Is 27424188193 prime?
True
Is 81676471 composite?
False
Is 480185817 a composite number?
True
Is 122463317947 composite?
False
Is 91092556931 a composite number?
True
Is 2857594321 a composite number?
False
Is 6923514307 composite?
True
Is 13051290467 a composite number?
True
Is 121291715 a composite number?
True
Is 1294953853 a composite number?
False
Is 66267904331 a prime number?
True
Is 77392325029 a prime number?
False
Is 45851989 a prime number?
True
Is 103249724789 a composite number?
True
Is 9583161587 a composite number?
False
Is 10947482921 a composite number?
False
Is 27421293191 prime?
True
Is 66061870057 a prime number?
True
Is 191564663 a composite number?
False
Is 1077903427 prime?
False
Is 56672528447 a composite number?
True
Is 41048040707 a composite number?
True
Is 58301705947 prime?
False
Is 51545386613 a prime number?
False
Is 233733691 a composite number?
False
Is 127746703013 prime?
True
Is 455454943 prime?
True
Is 89952823 a prime number?
True
Is 17095918633 a composite number?
True
Is 43644763 composite?
True
Is 5156959321 a composite number?
False
Is 17599450669 a composite number?
False
Is 8873582811 a prime number?
False
Is 1246625563 composite?
False
Is 1422148769 a composite number?
False
Is 36852411721 a prime number?
True
Is 744099029 composite?
False
Is 13317348461 prime?
True
Is 44785355495 a composite number?
True
Is 7662326515 prime?
False
Is 87799315757 a prime number?
False
Is 9478577851 a composite number?
True
Is 161602169 a prime number?
True
Is 258537527543 composite?
False
Is 48930602759 composite?
False
Is 4091873419 composite?
False
Is 2934125741 composite?
True
Is 553502977 a composite number?
False
Is 283117129 a composite number?
True
Is 4354611977 prime?
True
Is 3655944203 a composite number?
False
Is 13531905377 a composite number?
False
Is 2197677143 prime?
False
Is 50821289 composite?
False
Is 789777141157 composite?
False
Is 10024640389 a composite number?
False
Is 7421670329 a prime number?
False
Is 8367249313 a composite number?
False
Is 975682457 a composite number?
False
Is 161156797 a composite number?
False
Is 5572993217 a prime number?
False
Is 13512265109 a composite number?
True
Is 30378697 a composite number?
False
Is 556105841 a composite number?
False
Is 1137969113 prime?
True
Is 2720012863 prime?
False
Is 57057466643 a composite number?
False
Is 54439800473 a composite number?
False
Is 23301232303 a composite number?
False
Is 70473854239 p